{"id":8397,"date":"2024-06-01T18:54:36","date_gmt":"2024-06-01T18:54:36","guid":{"rendered":"https:\/\/vegetology.pl\/?page_id=8397"},"modified":"2024-06-07T22:44:14","modified_gmt":"2024-06-07T22:44:14","slug":"regulamin-sklepu","status":"publish","type":"page","link":"https:\/\/vegetology.pl\/index.php\/regulamin-sklepu\/","title":{"rendered":"Regulamin sklepu"},"content":{"rendered":"<div class=\"wpb-content-wrapper\"><p>[vc_row][vc_column][vc_column_text]<\/p>\r\n<p><strong>Regulamin Sklepu Internetowego vegetology.pl<\/strong><\/p>\r\n<p><strong>I. Postanowienia og\u00f3lne<\/strong><\/p>\r\n<ol>\r\n<li>Sklep internetowy vegetology.pl, dost\u0119pny pod adresem <a href=\"http:\/\/www.vegetology.pl\" target=\"_new\" rel=\"noreferrer noopener\">www.vegetology.pl<\/a>, jest prowadzony przez BEAUTYNOVA CONCEPT SP\u00d3\u0141KA Z OGRANICZON\u0104 ODPOWIEDZIALNO\u015aCI\u0104, UL. OBRO\u0143C\u00d3W WYBRZE\u017bA 7 \/ 6, 80-398 GDA\u0143SK, NIP5842849201, KRS0001093375 , z siedzib\u0105 w [adres siedziby], zarejestrowan\u0105 pod numerem [numer NIP, REGON, KRS].<\/li>\r\n<li>Niniejszy regulamin okre\u015bla zasady korzystania ze sklepu internetowego vegetology.pl, sk\u0142adania zam\u00f3wie\u0144 na produkty dost\u0119pne w sklepie, dostarczania zam\u00f3wionych produkt\u00f3w Klientowi, uiszczania przez Klienta ceny sprzeda\u017cy produkt\u00f3w oraz zasady odst\u0105pienia od umowy i procedur\u0119 reklamacyjn\u0105.<\/li>\r\n<\/ol>\r\n<p><strong>II. Definicje<\/strong><\/p>\r\n<ol>\r\n<li>Sklep internetowy \u2013 serwis internetowy dost\u0119pny pod adresem <a href=\"http:\/\/www.vegetology.pl\" target=\"_new\" rel=\"noreferrer noopener\">www.vegetology.pl<\/a>, za po\u015brednictwem kt\u00f3rego Klient mo\u017ce w szczeg\u00f3lno\u015bci sk\u0142ada\u0107 zam\u00f3wienia.<\/li>\r\n<li>Klient \u2013 osoba fizyczna, osoba prawna lub jednostka organizacyjna nieposiadaj\u0105ca osobowo\u015bci prawnej, kt\u00f3ra korzysta ze sklepu internetowego, w tym w szczeg\u00f3lno\u015bci dokonuj\u0105ca zakup\u00f3w.<\/li>\r\n<li>Konsument \u2013 Klient b\u0119d\u0105cy osob\u0105 fizyczn\u0105, dokonuj\u0105cy zakup\u00f3w w sklepie internetowym vegetology.pl w zakresie niezwi\u0105zanym bezpo\u015brednio z jego dzia\u0142alno\u015bci\u0105 gospodarcz\u0105 lub zawodow\u0105.<\/li>\r\n<li>Regulamin \u2013 niniejszy regulamin sklepu internetowego vegetology.pl.<\/li>\r\n<li>Produkty \u2013 produkty oferowane do sprzeda\u017cy w sklepie internetowym vegetology.pl.<\/li>\r\n<li>Umowa sprzeda\u017cy \u2013 umowa sprzeda\u017cy Produkt\u00f3w w rozumieniu Kodeksu cywilnego, zawarta pomi\u0119dzy BEAUTYNOVA CONCEPT SP\u00d3\u0141KA Z OGRANICZON\u0104 ODPOWIEDZIALNO\u015aCI\u0104, UL. OBRO\u0143C\u00d3W WYBRZE\u017bA 7 \/ 6, 80-398 GDA\u0143SK, NIP5842849201, KRS0001093375 a Klientem, z wykorzystaniem serwisu internetowego sklepu.<\/li>\r\n<li>Zam\u00f3wienie \u2013 o\u015bwiadczenie woli Klienta, zmierzaj\u0105ce bezpo\u015brednio do zawarcia Umowy sprzeda\u017cy, okre\u015blaj\u0105ce w szczeg\u00f3lno\u015bci rodzaj i liczb\u0119 Produkt\u00f3w.<\/li>\r\n<\/ol>\r\n<p><strong>III. Zasady korzystania ze sklepu internetowego<\/strong><\/p>\r\n<ol>\r\n<li>Klient mo\u017ce sk\u0142ada\u0107 zam\u00f3wienia w sklepie internetowym vegetology.pl przez 24 godziny na dob\u0119, 7 dni w tygodniu.<\/li>\r\n<li>Klient zobowi\u0105zany jest do korzystania ze sklepu internetowego w spos\u00f3b zgodny z prawem oraz postanowieniami Regulaminu.<\/li>\r\n<li>Warunkiem z\u0142o\u017cenia zam\u00f3wienia jest rejestracja w sklepie internetowym lub podanie niezb\u0119dnych danych osobowych umo\u017cliwiaj\u0105cych realizacj\u0119 zam\u00f3wienia bez rejestracji.<\/li>\r\n<\/ol>\r\n<p><strong>IV. Procedura sk\u0142adania zam\u00f3wienia<\/strong><\/p>\r\n<ol>\r\n<li>W celu z\u0142o\u017cenia zam\u00f3wienia Klient wybiera Produkt z dost\u0119pnej oferty sklepu, okre\u015blaj\u0105c jego ilo\u015b\u0107, a nast\u0119pnie dodaje go do koszyka.<\/li>\r\n<li>Po zako\u0144czeniu wyboru Produkt\u00f3w, Klient przechodzi do realizacji zam\u00f3wienia, wybieraj\u0105c jedn\u0105 z dost\u0119pnych form dostawy oraz p\u0142atno\u015bci.<\/li>\r\n<li>Przed zatwierdzeniem zam\u00f3wienia, Klient zobowi\u0105zany jest do podania danych niezb\u0119dnych do realizacji zam\u00f3wienia oraz akceptacji niniejszego Regulaminu.<\/li>\r\n<li>Zatwierdzenie zam\u00f3wienia przez Klienta jest r\u00f3wnoznaczne ze z\u0142o\u017ceniem oferty zawarcia Umowy sprzeda\u017cy Produkt\u00f3w obj\u0119tych zam\u00f3wieniem.<\/li>\r\n<li>Po z\u0142o\u017ceniu zam\u00f3wienia, Klient otrzymuje e-mail potwierdzaj\u0105cy przyj\u0119cie zam\u00f3wienia do realizacji.<\/li>\r\n<\/ol>\r\n<p><strong>V. Ceny i metody p\u0142atno\u015bci<\/strong><\/p>\r\n<ol>\r\n<li>Wszystkie ceny Produkt\u00f3w w sklepie internetowym vegetology.pl podawane s\u0105 w z\u0142otych polskich i zawieraj\u0105 podatek VAT.<\/li>\r\n<li>Klient mo\u017ce wybra\u0107 nast\u0119puj\u0105ce formy p\u0142atno\u015bci za zam\u00f3wione Produkty:\r\n<ul>\r\n<li>Przelew bankowy na rachunek sklepu.<\/li>\r\n<li>P\u0142atno\u015b\u0107 elektroniczna za po\u015brednictwem systemu p\u0142atno\u015bci online.<\/li>\r\n<li>P\u0142atno\u015b\u0107 przy odbiorze (got\u00f3wk\u0105 kurierowi).<\/li>\r\n<\/ul>\r\n<\/li>\r\n<li>W przypadku wyboru przez Klienta p\u0142atno\u015bci w formie przelewu, brak wp\u0142ywu \u015brodk\u00f3w na rachunek sklepu w terminie 7 dni od z\u0142o\u017cenia zam\u00f3wienia powoduje anulowanie zam\u00f3wienia.<\/li>\r\n<\/ol>\r\n<p><strong>VI. Dostawa<\/strong><\/p>\r\n<ol>\r\n<li>Dostawa Produkt\u00f3w jest realizowana na terytorium Rzeczypospolitej Polskiej.<\/li>\r\n<li>Koszty dostawy Produkt\u00f3w ponosi Klient, chyba \u017ce regulamin promocji obowi\u0105zuj\u0105cej w sklepie internetowym stanowi inaczej.<\/li>\r\n<li>Czas realizacji zam\u00f3wienia wynosi do 5 dni roboczych od momentu potwierdzenia zam\u00f3wienia lub zaksi\u0119gowania wp\u0142aty na rachunku sklepu.<\/li>\r\n<li>Klient ma mo\u017cliwo\u015b\u0107 wyboru jednej z nast\u0119puj\u0105cych form dostawy:\r\n<ul>\r\n<li>Kurierem.<\/li>\r\n<li>Paczkomatem.<\/li>\r\n<li>Odbi\u00f3r osobisty w siedzibie firmy (je\u017celi taka opcja jest dost\u0119pna).<\/li>\r\n<\/ul>\r\n<\/li>\r\n<\/ol>\r\n<p><strong>VII. Prawo odst\u0105pienia od umowy<\/strong><\/p>\r\n<ol>\r\n<li>Klient b\u0119d\u0105cy Konsumentem ma prawo odst\u0105pi\u0107 od umowy sprzeda\u017cy bez podania przyczyny w terminie 14 dni od dnia otrzymania Produktu.<\/li>\r\n<li>W celu odst\u0105pienia od umowy, Klient powinien z\u0142o\u017cy\u0107 o\u015bwiadczenie o odst\u0105pieniu od umowy w formie pisemnej lub za po\u015brednictwem poczty elektronicznej.<\/li>\r\n<li>Klient zobowi\u0105zany jest do zwrotu Produktu w terminie 14 dni od dnia odst\u0105pienia od umowy, na w\u0142asny koszt.<\/li>\r\n<li>Sklep zwraca Klientowi uiszczon\u0105 przez niego cen\u0119 Produktu w terminie 14 dni od otrzymania zwr\u00f3conego Produktu.<\/li>\r\n<\/ol>\r\n<p><strong>VIII. Reklamacje<\/strong><\/p>\r\n<ol>\r\n<li>Wszystkie Produkty oferowane w sklepie internetowym vegetology.pl s\u0105 nowe i obj\u0119te gwarancj\u0105 producenta.<\/li>\r\n<li>Klient ma prawo do z\u0142o\u017cenia reklamacji w przypadku stwierdzenia wad Produktu.<\/li>\r\n<li>Reklamacja powinna zawiera\u0107 dane Klienta, opis wady Produktu oraz \u017c\u0105danie Klienta.<\/li>\r\n<li>Reklamacje nale\u017cy sk\u0142ada\u0107 w formie pisemnej na adres siedziby firmy lub za po\u015brednictwem poczty elektronicznej.<\/li>\r\n<li>Sklep rozpatruje reklamacj\u0119 w terminie 14 dni od jej otrzymania i informuje Klienta o dalszym post\u0119powaniu.<\/li>\r\n<\/ol>\r\n<p><strong>IX. Ochrona danych osobowych<\/strong><\/p>\r\n<ol>\r\n<li>Administratorem danych osobowych Klient\u00f3w jest BEAUTYNOVA CONCEPT SP\u00d3\u0141KA Z OGRANICZON\u0104 ODPOWIEDZIALNO\u015aCI\u0104, UL. OBRO\u0143C\u00d3W WYBRZE\u017bA 7 \/ 6, 80-398 GDA\u0143SK, NIP5842849201, KRS0001093375 .<\/li>\r\n<li>Dane osobowe Klient\u00f3w przetwarzane s\u0105 w celu realizacji zam\u00f3wie\u0144, obs\u0142ugi procesu reklamacyjnego oraz w celach marketingowych.<\/li>\r\n<li>Klient ma prawo do dost\u0119pu do swoich danych osobowych oraz do ich poprawiania i usuni\u0119cia.<\/li>\r\n<li>Szczeg\u00f3\u0142owe zasady przetwarzania danych osobowych okre\u015bla Polityka Prywatno\u015bci dost\u0119pna na stronie sklepu.<\/li>\r\n<\/ol>\r\n<p><strong>X. Postanowienia ko\u0144cowe<\/strong><\/p>\r\n<ol>\r\n<li>Regulamin wchodzi w \u017cycie z dniem [data] i obowi\u0105zuje przez czas nieokre\u015blony.<\/li>\r\n<li>Sklep zastrzega sobie prawo do wprowadzania zmian w Regulaminie. O wszelkich zmianach Regulaminu Klienci b\u0119d\u0105 informowani poprzez odpowiednie komunikaty na stronie internetowej sklepu.<\/li>\r\n<li>W sprawach nieuregulowanych niniejszym Regulaminem maj\u0105 zastosowanie przepisy prawa polskiego, w szczeg\u00f3lno\u015bci Kodeksu cywilnego oraz ustawy o prawach konsumenta.<\/li>\r\n<\/ol>\r\n<p>[\/vc_column_text][\/vc_column][\/vc_row]<\/p><\/div>","protected":false},"excerpt":{"rendered":"<p>[vc_row][vc_column][vc_column_text] Regulamin Sklepu Internetowego vegetology.pl I. Postanowienia og\u00f3lne Sklep internetowy vegetology.pl, dost\u0119pny pod adresem www.vegetology.pl, jest prowadzony przez BEAUTYNOVA CONCEPT SP\u00d3\u0141KA Z OGRANICZON\u0104 ODPOWIEDZIALNO\u015aCI\u0104, UL. OBRO\u0143C\u00d3W WYBRZE\u017bA 7 \/ 6, 80-398 GDA\u0143SK, NIP5842849201, KRS0001093375 , z siedzib\u0105 w [adres siedziby], zarejestrowan\u0105 pod numerem [numer NIP, REGON, KRS]. Niniejszy regulamin okre\u015bla zasady korzystania ze sklepu internetowego [&hellip;]<\/p>\n","protected":false},"author":1,"featured_media":0,"parent":0,"menu_order":0,"comment_status":"closed","ping_status":"open","template":"","meta":{"footnotes":""},"class_list":["post-8397","page","type-page","status-publish","hentry"],"_links":{"self":[{"href":"https:\/\/vegetology.pl\/index.php\/wp-json\/wp\/v2\/pages\/8397"}],"collection":[{"href":"https:\/\/vegetology.pl\/index.php\/wp-json\/wp\/v2\/pages"}],"about":[{"href":"https:\/\/vegetology.pl\/index.php\/wp-json\/wp\/v2\/types\/page"}],"author":[{"embeddable":true,"href":"https:\/\/vegetology.pl\/index.php\/wp-json\/wp\/v2\/users\/1"}],"replies":[{"embeddable":true,"href":"https:\/\/vegetology.pl\/index.php\/wp-json\/wp\/v2\/comments?post=8397"}],"version-history":[{"count":0,"href":"https:\/\/vegetology.pl\/index.php\/wp-json\/wp\/v2\/pages\/8397\/revisions"}],"wp:attachment":[{"href":"https:\/\/vegetology.pl\/index.php\/wp-json\/wp\/v2\/media?parent=8397"}],"curies":[{"name":"wp","href":"https:\/\/api.w.org\/{rel}","templated":true}]}}